3.
3, 107, 25943
List the prime factors of 517668990.
2, 3, 5, 17255633
List the prime factors of 139802039.
13, 827231
List the prime factors of 26780789.
7, 3825827
List the prime factors of 39772073.
11, 19, 190297
What are the prime factors of 1917508955?
5, 277, 349, 3967
List the prime factors of 85467331.
85467331
What are the prime factors of 267124290?
2, 3, 5, 8904143
List the prime factors of 4582931213.
7, 17, 1483, 25969
What are the prime factors of 2593969730?
2, 5, 11, 37, 637339
List the prime factors of 7554982787.
11, 19, 83, 457, 953
What are the prime factors of 2944776250?
2, 5, 13, 23, 7879
What are the prime factors of 18202707?
3, 1123, 1801
List the prime factors of 47027755.
5, 19, 23, 21523
List the prime factors of 155465915.
5, 11, 239, 11827
List the prime factors of 77335816.
2, 463, 20879
List the prime factors of 4463565540.
2, 3, 5, 7, 113, 94049
What are the prime factors of 158237221?
158237221
What are the prime factors of 1676350606?
2, 7, 31, 3862559
List the prime factors of 453542749.
11, 19, 2170061
List the prime factors of 35323330.
2, 5, 7, 504619
What are the prime factors of 81630139?
41, 61, 127, 257
List the prime factors of 38569068.
2, 3, 23, 15527
What are the prime factors of 1149302603?
2069, 555487
List the prime factors of 12676838.
2, 19, 271, 1231
What are the prime factors of 17529005?
5, 13, 479, 563
What are the prime factors of 817194818?
2, 11, 709, 52391
What are the prime factors of 1856892176?
2, 116055761
List the prime factors of 718467339.
3, 83, 887, 3253
List the prime factors of 203316120.
2, 3, 5, 7, 80681
What are the prime factors of 43631765?
5, 797, 10949
List the prime factors of 123391215.
3, 5, 47, 19447
What are the prime factors of 73439541?
3, 7, 17, 19, 401
What are the prime factors of 371980698?
2, 3, 73, 849271
What are the prime factors of 587619589?
179, 3282791
List the prime factors of 640971022.
2, 320485511
What are the prime factors of 136686538?
2, 41, 1666909
What are the prime factors of 2074494656?
2, 13, 2493383
What are the prime factors of 541380823?
1399, 386977
What are the prime factors of 60769415?
5, 7, 1736269
What are the prime factors of 7750256336?
2, 4003, 121007
What are the prime factors of 1591833954?
2, 3, 29, 9148471
What are the prime factors of 196209724?
2, 49052431
List the prime factors of 342137848.
2, 13, 3289787
What are the prime factors of 610228997?
7, 12453653
What are the prime factors of 341703439?
7, 11, 577, 7691
What are the prime factors of 4139061479?
7, 19, 41, 67, 11329
List the prime factors of 11250988.
2, 7, 137, 419
List the prime factors of 397387627.
7, 13, 4366897
What are the prime factors of 20509868?
2, 101, 50767
List the prime factors of 7995028280.
2, 5, 199875707
List the prime factors of 133521337.
133521337
What are the prime factors of 73207858?
2, 47, 337, 2311
List the prime factors of 45959553.
3, 5106617
What are the prime factors of 6939238?
2, 23, 61, 2473
What are the prime factors of 784481995?
5, 11, 59, 151, 1601
List the prime factors of 12557967.
3, 4185989
What are the prime factors of 71297760?
2, 3, 5, 148537
What are the prime factors of 20338261?
20338261
What are the prime factors of 40472681?
109, 151, 2459
What are the prime factors of 260830643?
17, 41, 374219
List the prime factors of 494875220.
2, 5, 7, 47, 75209
List the prime factors of 404150241.
3, 11, 12246977
List the prime factors of 11155294.
2, 283, 19709
List the prime factors of 3856864487.
7, 229, 2406029
List the prime factors of 2077756844.
2, 491, 691, 1531
List the prime factors of 42083018.
2, 317, 66377
What are the prime factors of 280559625?
3, 5, 307, 2437
List the prime factors of 115195002.
2, 3, 13, 1476859
What are the prime factors of 197896357?
73, 2710909
What are the prime factors of 190414918?
2, 95207459
What are the prime factors of 61914490?
2, 5, 11, 51169
List the prime factors of 889447895.
5, 7, 281, 90437
List the prime factors of 185309757.
3, 373, 55201
List the prime factors of 254189626.
2, 3767, 33739
What are the prime factors of 11931631?
73, 2239
List the prime factors of 17689151.
1999, 8849
What are the prime factors of 53787766?
2, 26893883
What are the prime factors of 268367932?
2, 7, 19, 47, 10733
What are the prime factors of 1079867185?
5, 19, 1213, 9371
What are the prime factors of 600298911?
3, 31, 83, 8641
What are the prime factors of 249128720?
2, 5, 3114109
What are the prime factors of 3587487932?
2, 7, 67, 1912307
What are the prime factors of 52548143?
52548143
List the prime factors of 487261517.
19, 25645343
List the prime factors of 70606810.
2, 5, 7060681
What are the prime factors of 207994118?
2, 1669, 62311
List the prime factors of 2420168803.
13, 1901, 97931
List the prime factors of 339120171.
3, 13, 29, 89, 1123
What are the prime factors of 80141048?
2, 13, 770587
What are the prime factors of 46619836?
2, 1009, 11551
List the prime factors of 62851785.
3, 5, 4190119
List the prime factors of 90485151.
3, 23, 53, 109, 227
List the prime factors of 606196334.
2, 691, 438637
What are the prime factors of 85212944?
2, 5325809
What are the prime factors of 177791341?
7, 13, 19, 102829
List the prime factors of 29075157.
3, 3230573
What are the prime factors of 39355988?
2, 7, 31, 45341
List the prime factors of 475536444.
2, 3, 17, 2331061
List the prime factors of 36838441.
36838441
List the prime factors of 787202164.
2, 7, 149, 188687
What are the prime factors of 921129863?
541, 1702643
List the prime factors of 11524195.
5, 2304839
What are the prime factors of 253281804?
2, 3, 83, 254299
List the prime factors of 201327913.
6037, 33349
What are the prime factors of 43721391?
3, 7, 569, 3659
What are the prime factors of 4989607796?
2, 47, 821, 32327
List the prime factors of 34011923.
11, 131, 23603
What are the prime factors of 6175700384?
2, 7, 251, 109841
List the prime factors of 130918655.
5, 7, 193, 19381
What are the prime factors of 13147916?
2, 1327, 2477
List the prime factors of 16185506.
2, 2593, 3121
List the prime factors of 713458644.
2, 3, 139, 427733
List the prime factors of 397572583.
397572583
List the prime factors of 66272001.
3, 17, 1299451
List the prime factors of 836994895.
5, 11, 15218089
List the prime factors of 915034026.
2, 3, 349, 436979
List the prime factors of 2063603321.
13, 158738717
What are the prime factors of 179109063?
3, 7, 45127
What are the prime factors of 40077600?
2, 3, 5, 16699
List the prime factors of 145510183.
7, 13, 123001
List the prime factors of 462015827.
7, 13, 5077097
List the prime factors of 15105510.
2, 3, 5, 7, 23977
List the prime factors of 1953191437.
67, 29152111
List the prime factors of 682398465.
3, 5, 7, 41, 293, 541
What are the prime factors of 18537446?
2, 17, 59, 9241
What are the prime factors of 1567227708?
2, 3, 43, 1012421
What are the prime factors of 133043100?
2, 3, 5, 277, 1601
List the prime factors of 22107628.
2, 29, 190583
List the prime factors of 1621584369.
3, 661, 272581
What are the prime factors of 263810724?
2, 3, 71, 309637
List the prime factors of 1404557220.
2, 3, 5, 11, 571, 3727
What are the prime factors of 40009229?
13, 61, 3881
List the prime factors of 970470953.
907, 1069979
List the prime factors of 1902034974.
2, 3, 7, 45286547
What are the prime factors of 88108703?
88108703
List the prime factors of 23378020.
2, 5, 467, 2503
List the prime factors of 50726083.
167, 303749
List the prime factors of 2319363853.
2319363853
What are the prime factors of 55848649?
55848649
What are the prime factors of 65337195?
3, 5, 7, 11, 56569
List the prime factors of 66404143.
13, 5108011
List the prime factors of 44547174.
2, 3, 7, 17, 2971
List the prime factors of 3303911961.
3, 7, 173, 303139
List the prime factors of 332203553.
11, 30200323
List the prime factors of 6127222295.
5, 1225444459
What are the prime factors of 315533638?
2, 7, 661, 4871
List the prime factors of 110620421.
110620421
What are the prime factors of 77726463?
3, 25908821
What are the prime factors of 385739509?
23, 16771283
List the prime factors of 1683209.
11, 23, 6653
List the prime factors of 491065047.
3, 11, 163, 30431
What are the prime factors of 745173198?
2